late the greatest common divisor of i and 140.
35
Let p = -8 - -21. Let h(o) = o**2 + 10*o - 4. Let u be h(-14). Calculate the greatest common divisor of p and u.
13
Let u = -43 - -55. Calculate the highest common factor of u and 84.
12
Let s be 4 + -4 - 0 - -396. Suppose -10*g + s = -6*g. Calculate the greatest common divisor of 11 and g.
11
Let p = 39 + -26. Let u be (1/((-2)/2))/(-1). Suppose 0 = a - x - 51, 4*x - u - 3 = 0. What is the greatest common factor of a and p?
13
Suppose 2*r - 4*q = 18, -q - 2 = 2. Let x = r - -22. Calculate the greatest common factor of 161 and x.
23
Let f(u) = -3*u + 3. Let m(o) = -1. Let l(w) = f(w) + 2*m(w). Let i be l(-2). Suppose -2*x + i*x - 30 = 0. Calculate the greatest common divisor of 2 and x.
2
Let k = 33 - 22. Calculate the greatest common divisor of 1 and k.
1
Suppose -35 = 4*f + 9. Let t = -15 - f. Let m be (-922)/(-18) + t/18. What is the highest common divisor of 17 and m?
17
Let d = -6 - -10. Suppose 2*j - 6 - 27 = o, 0 = -d*j - 4*o + 84. Let u(q) = -9*q. Let x be u(-3). What is the greatest common factor of j and x?
9
Suppose 5*k - 4 = 6. Suppose 3*i - 4 = -7, k*h = 2*i + 28. Suppose 4*y - 3*n = 223, 0 = -5*y + 2*y + 5*n + 181. What is the highest common factor of y and h?
13
Suppose -2*k = 5*u + 473, 3*k - k + 283 = -3*u. Let a = u + 139. Calculate the highest common factor of 11 and a.
11
Let d = -1 + 7. Let g(h) be the third derivative of h**5/60 - h**4/6 + 2*h**3/3 + 15*h**2. Let m be g(d). What is the greatest common factor of 8 and m?
8
Suppose 0*r + h - 236 = 3*r, 5*h = -20. Let s = -35 - r. What is the highest common divisor of 30 and s?
15
Let w = -59 + 69. Calculate the highest common divisor of 120 and w.
10
Suppose -4*u - 4 = -4*w, 0 = w - 5*w. Let b be 3*3/9 + u. Suppose -s + 9 + 13 = b. Calculate the greatest common factor of 55 and s.
11
Let f(c) = -c**3 + 25*c**2 + 26*c + 29. Let y be f(26). Calculate the greatest common factor of y and 232.
29
Let w be -3*(-8)/(-36)*-6. Calculate the highest common divisor of 44 and w.
4
Let v = 15 + -11. Suppose 3*c = -2*k + 114, 0 = -v*k + 3*c + c + 248. Calculate the greatest common divisor of k and 15.
15
Let h(p) = 5*p. Let a = 4 + -2. Let v be h(a). What is the highest common divisor of 80 and v?
10
Suppose a = -3*x - 91 + 332, 5*a = -2*x + 165. Calculate the highest common factor of x and 16.
16
Let o(c) = -2*c. Let n be o(-9). Suppose -3*p + 4*p = 12. What is the greatest common factor of n and p?
6
Let c be (56/(-35))/(2/(-25)). What is the highest common factor of 4 and c?
4
Suppose 4*d + 6*t = 2*t + 48, 4*d = 2*t + 54. Let w be (-4 - d/(-4))*-16. What is the highest common factor of 12 and w?
12
Suppose -y - 5*k + 41 = 0, -y - y - 4*k = -52. Suppose -59 = 3*f - v, 0 = -3*f + 4*f - v + 23. Let i = -10 - f. Calculate the highest common factor of y and i.
8
Let t be -4*(-2 + (-3)/4). Suppose 2*f + 4*p + t + 3 = 0, p = -5. What is the highest common factor of 15 and f?
3
Suppose -h - 4*y + 22 = 0, -2*y + 4*y = 0. What is the greatest common factor of 352 and h?
22
Suppose 0 = -8*o + 5*o + 546. What is the highest common factor of o and 26?
26
Let m = 17 - 9. Let a(q) = 6*q**2 + 2*q + 6. Let v be a(-4). Let j = v + -30. Calculate the highest common divisor of j and m.
8
Let n = 5 - 4. Let u be ((-4)/8)/(n/(-36)). What is the highest common divisor of u and 9?
9
Let h(k) = 3*k**2 + 22*k. Let j be h(-9). Calculate the greatest common divisor of 60 and j.
15
Let o(h) = -h**3 - 5*h**2 - 3*h + 7. Let y be o(-5). Let c = y - -26. Suppose -28 = -4*n + 20. What is the highest common factor of n and c?
12
Suppose 3*t - 38 = t. Suppose 2*g + j = -j + 14, 3*g + t = 5*j. Suppose 0*c + c = g. Calculate the greatest common factor of 2 and c.
2
Let j = 15 - 6. Suppose 3 - j = -q. Calculate the highest common divisor of q and 18.
6
Suppose 3*w = -4*f + 65, -3*w + 4 = -5. What is the highest common divisor of 2 and f?
2
Let a be (-238)/(-4) + (-3)/(-6). What is the highest common factor of 12 and a?
12
Let y be (-3 + 145/10)*6. What is the greatest common divisor of 92 and y?
23
Suppose 0*w + 4*w = 5*p + 335, 5*p - 260 = -3*w. Calculate the highest common divisor of w and 34.
17
Suppose 2*j - 2*n = -84, 35 = -4*j + 5*n - 130. Let c be (-5)/(j/(-12))*-24. Let a = 18 - 2. Calculate the highest common factor of c and a.
16
Let w(c) = -c**2 - 11*c - 6. Let v be w(-6). Suppose -l - l = -v. What is the greatest common divisor of l and 108?
12
Let b(h) = -6*h - 1. Let q be b(-1). Suppose q*k = 4*d + 14, 3*d = 2*d - 4*k + 7. Let y be ((-16)/d)/(4/4). Calculate the highest common factor of y and 4.
4
Let w(p) = -p**2 + 3*p + 70. Let z be w(7). Suppose -5*c = -30 - 5. Calculate the highest common divisor of z and c.
7
Let j = -66 - 5. Let r = -21 - j. Let n = 116 - r. What is the highest common divisor of n and 6?
6
Suppose -3*t = -4*t + 14. What is the highest common divisor of 2 and t?
2
Let x be 9 + 0 + (2 - 1). Suppose -3*d + 7*d - 40 = 0. What is the highest common factor of d and x?
10
Suppose -27 = 3*k - 141. Calculate the highest common factor of 95 and k.
19
Suppose -9*x + 8*x + 28 = 0. What is the highest common divisor of x and 4?
4
Suppose -4*p = -3*f - 0 - 6, -f - 15 = 3*p. Let q be 1 + 0*2/f. Calculate the highest common factor of q and 3.
1
Suppose 0 = -3*q + 8 + 16. Let v(u) = u**2 - 4*u - 5. Let k be v(11). Calculate the greatest common factor of k and q.
8
Suppose 4 = -0*r + 2*r. Suppose 3*k - 2*c = -c + 146, -c = r*k - 99. Suppose 0*i = i - k. Calculate the greatest common factor of i and 7.
7
Let g = 30 - 20. Suppose 2*v + 0*v + 4 = 3*d, -g = -4*d - 2*v. Suppose -2*l + d = -10. Calculate the greatest common divisor of l and 12.
6
Let i = 31 - -101. Suppose -5*s - 17 = -i. Calculate the greatest common divisor of 23 and s.
23
Let b = 4 + -3. Let u(s) = -2*s. Let o be u(b). Let y be (o/(4/(-6)))/1. What is the greatest common factor of y and 2?
1
Let p(h) = -h**3 - 11*h**2 + 12*h + 4. Let v be p(-12). Suppose 5*t - 20 = -2*j, 0 = -v*t + t + j + 1. What is the greatest common divisor of t and 22?
2
Suppose -4*v + 3*v - 895 = -5*f, 0 = -5*f - 2*v + 910. Let x = -5 + 25. What is the greatest common factor of f and x?
20
Suppose 4*k - t - 26 = 0, k + 3*t = -0*k + 13. Let s = 108 - 45. What is the greatest common factor of k and s?
7
Suppose 0 = c + 5*r + 2, 4*c - 3*r + 8 = r. Let m be ((-21)/c)/((-1)/(-2)). What is the highest common divisor of 126 and m?
21
Let l be (-85)/34*56/(-10). Calculate the greatest common divisor of l and 21.
7
Suppose -i + 5*n + 0*n = -7, -4*i = -4*n + 36. Let b = 5 - i. Calculate the greatest common divisor of b and 6.
6
Let m(n) = -3 - 33*n - 3*n - 8*n + 1. Let u be m(-1). Let t = 47 - 33. What is the greatest common divisor of t and u?
14
Let t be 532/16 - (-2)/(-8). Calculate the greatest common factor of t and 3.
3
Let q(x) = x**3 + 6*x**2 + 3*x - 5. Let r be q(-5). Calculate the greatest common factor of 35 and r.
5
Suppose -6*u = -20*u + 1470. Calculate the greatest common divisor of 70 and u.
35
Let s(q) = -q**3 + 27. Let x be s(0). Calculate the greatest common divisor of 27 and x.
27
Let n(l) = -l**2 + 8. Let y be n(0). Suppose -44 = 3*v + 133. Let c = 115 + v. Calculate the highest common divisor of c and y.
8
Suppose -3*y - 2*d + 73 = 0, -4*y - 6 = -5*d - 65. Suppose y = -7*z + 8*z. What is the greatest common factor of z and 14?
7
Suppose 0 = -5*i + 2*x - 1219 - 432, -338 = i - 3*x. Let g be (-882)/5 + 18/45. Let l = g - i. What is the highest common divisor of 17 and l?
17
Suppose 0 = x + 2*x - 12. Suppose -3*h = t, -h - 5*t = -2*h. Suppose 0*s - 4*s - z = -21, -2*s + 3*z - 7 = h. Calculate the highest common factor of x and s.
4
Let c be 10/15 + 20/6. What is the highest common divisor of c and 2?
2
Let k(q) = -q**3 + 7*q**2 + 2*q - 1. Let j be k(7). What is the highest common divisor of 117 and j?
13
Suppose 3*m + 0*m = 9. Suppose m*f + 3*n - 3 = -6, 5*f + n = 15. Suppose 5*j = f*i + 31 + 19, 0 = 2*i. What is the greatest common divisor of j and 25?
5
Let w = -79 + 91. What is the highest common factor of 18 and w?
6
Suppose 2*u = -3*a + 50 + 74, u - 62 = 2*a. Let c be -2 + 6/3 + u. Suppose 4*x - 2*q = c, -3*x = -2*q - 45 + 1. What is the highest common divisor of 18 and x?
18
Let w be 4*((-28)/(-16) -